-100 - -192dba?
192cba
In base 8, what is -75400 + 6713?
-66465
In base 6, what is 111 - -1454025?
1454140
In base 15, what is -77 + -d2e66?
-d2edd
In base 12, what is -98a4a7 + 29b?
-98a208
In base 3, what is -1 + 22122121121022?
22122121121021
In base 9, what is -21417 - -137?
-21270
In base 7, what is 265 + 116440?
120035
In base 16, what is e22e + cf?
e2fd
In base 5, what is 1211342 + 1232?
1213124
In base 12, what is -4666924b + 7?
-46669244
In base 14, what is 16b84 + 1d7?
16d7b
In base 4, what is 1 + -3111233320323?
-3111233320322
In base 4, what is -2122303 - 23001?
-2211310
In base 7, what is 21463625 - -1?
21463626
In base 16, what is 3 + -1ab6ad1?
-1ab6ace
In base 13, what is 84b8 - 1a48?
6770
In base 11, what is 5 + 4008619?
4008623
In base 14, what is 5 + -1ab2c2?
-1ab2bb
In base 2, what is 100 - 10010100010001111101011100?
-10010100010001111101011000
In base 11, what is -4 - 1963aa18?
-1963aa21
In base 14, what is 1b - -27572?
2758d
In base 13, what is 18565500 + -1?
185654cc
In base 10, what is 56667239 + -3?
56667236
In base 12, what is -1a29396b + a?
-1a293961
In base 15, what is -2490d9 + -23?
-24910c
In base 7, what is 4 + -106246102?
-106246065
In base 9, what is 302213 + -741?
301362
In base 2, what is -10011101001101100111110001 + -10?
-10011101001101100111110011
In base 7, what is -465542 - 0?
-465542
In base 2, what is -10 - -101010100011001100100?
101010100011001100010
In base 14, what is -17 - -146025?
14600c
In base 3, what is -1101120211 + -112010?
-1102002221
In base 4, what is -22211201222 + 2?
-22211201220
In base 3, what is -11020220021 - -20?
-11020220001
In base 6, what is 44152545 - 13?
44152532
In base 13, what is -230339 - -41?
-2302c8
In base 13, what is -46 + -c2a90?
-c2b06
In base 4, what is 132203 - -30110?
222313
In base 11, what is 2847 - -83?
291a
In base 7, what is -5031 + -150414?
-155445
In base 14, what is 107a3 + 11b?
108c0
In base 12, what is -71ba533 - 1?
-71ba534
In base 13, what is 170 - 306b?
-2bcb
In base 8, what is -5610 - -1167652?
1162042
In base 14, what is -8506c3 - -a?
-8506b7
In base 15, what is -54 + -5418c?
-541e1
In base 11, what is 33523a + -14?
335226
In base 14, what is -5 - -da6d44?
da6d3d
In base 8, what is -3 + -15664631?
-15664634
In base 14, what is 61da1 + 4?
61da5
In base 9, what is -3 - 77360532?
-77360535
In base 8, what is -230750233 - 16?
-230750251
In base 10, what is -16149945 + -3?
-16149948
In base 10, what is 0 + 844960?
844960
In base 8, what is -1020 + -117241?
-120261
In base 10, what is 2082 - -212?
2294
In base 7, what is 2311 - -6016053?
6021364
In base 15, what is -1e4a + 69?
-1dd1
In base 8, what is -5 - 11734403?
-11734410
In base 7, what is -161236 + 3555?
-154351
In base 10, what is -3488 - 5890?
-9378
In base 10, what is -4403447 - 4?
-4403451
In base 8, what is 1 - -14310460?
14310461
In base 13, what is 11259 + 8?
11264
In base 16, what is 5 - -1671c7f?
1671c84
In base 6, what is 1 - 4432301143?
-4432301142
In base 16, what is -47e5 + -361?
-4b46
In base 12, what is 10a8b - -17b08?
28997
In base 15, what is d82c7 - 45?
d8282
In base 3, what is -20120211210200 + 21?
-20120211210102
In base 6, what is -1501 + 10543?
5042
In base 7, what is -203201 - 145?
-203346
In base 7, what is 624036 - 323?
623413
In base 16, what is 0 - -cae534a?
cae534a
In base 4, what is -12020232132 + 1233?
-12020230233
In base 8, what is -5 - -22676407?
22676402
In base 10, what is 42 + -557560?
-557518
In base 3, what is 100102 - 2010122001212?
-2010121201110
In base 4, what is 3003031312302 - -11?
3003031312313
In base 4, what is 133 - 1233111011312?
-1233111011113
In base 12, what is 2 - -634a394?
634a396
In base 14, what is -22 - dc1c6b?
-dc1c8d
In base 5, what is -1 - -2324133104?
2324133103
In base 16, what is -b053 - -953?
-a700
In base 8, what is 274442 - -475?
275137
In base 4, what is 1213013000003 + -10?
1213012333333
In base 2, what is -111110 + 10010011000010101101011?
10010011000010100101101
In base 14, what is -a742c + 36?
-a73d6
In base 9, what is -152188 + 51?
-152137
In base 6, what is 33042 + -2542212?
-2505130
In base 4, what is -2010030322 - -222200?
-2003202122
In base 10, what is 117 + -3909?
-3792
In base 8, what is -1736 + -74122?
-76060
In base 3, what is -11201002102 + -2001?
-11201011110
In base 15, what is -a8527 - -d?
-a8519
In base 8, what is 7271 - -74564?
104055
In base 12, what is 5 - -8380052?
8380057
In base 11, what is 1a2259 - 2?
1a2257
In base 2, what is -101101001010111111011 + -1110001?
-101101001011001101100
In base 8, what is -36274 - 16247?
-54543
In base 5, what is 2103100131 - 2?
2103100124
In base 3, what is -12112221020100212 + 0?
-12112221020100212
In base 8, what is -525557 + 332?
-525225
In base 11, what is -127 - -63a88?
63961
In base 15, what is -24 - 3cab74?
-3cab98
In base 5, what is -31 - 1301202324?
-1301202410
In base 12, what is -5 - -33952b?
339526
In base 9, what is 1552 - 27235?
-25573
In base 5, what is -123 + 3422024?
3421401
In base 2, what is -110101110111010 + -11000001001?
-111000111000011
In base 16, what is 9a79fe - 1?
9a79fd
In base 8, what is -1351136242 + -1?
-1351136243
In base 7, what is 10 - 3543212?
-3543202
In base 4, what is -3100022 - -120013?
-2320003
In base 15, what is -43 - -3e99c?
3e959
In base 3, what is -21 - -12001002000121000?
12001002000120202
In base 14, what is 2207772 + -14?
220775c
In base 9, what is -3248 + -3100?
-6348
In base 3, what is -2110100102101 + 2202?
-2110100022122
In base 9, what is 171526026 + 3?
171526030
In base 8, what is -10 - -35032552?
35032542
In base 12, what is 1 + 60575b?
605760
In base 10, what is 59128027 + 16?
59128043
In base 15, what is -2 + 7d40cd?
7d40cb
In base 13, what is -c8a - 58a36?
-599c3
In base 9, what is -604 - 118702?
-120406
In base 2, what is -10011000000110101 - 11101111?
-10011000100100100
In base 13, what is 0 - 7232ba?
-7232ba
In base 5, what is -3 + -110242000111?
-110242000114
In base 14, what is 4d04345 - 3?
4d04342
In base 8, what is -6445 + 121453?
113006
In base 15, what is a1 - -1b34?
1bd5
In base 8, what is -157173 + -617?
-160012
In base 5, what is -202042 - 4140?
-211232
In base 12, what is 86b5 + 6853?
13348
In base 11, what is -670 + -2a370?
-2aa30
In base 8, what is 0 - 33447277?
-33447277
In base 16, what is 25ba2 + 154?
25cf6
In base 16, what is -a34264 - -2?
-a34262
In base 2, what is -1000011 + 10110100100011010001?
10110100100010001110
In base 16, what is a - -a0113d?
a01147
In base 6, what is 40132214354 + 3?
40132214401
In base 11, what is -4 + -71a119?
-71a122
In base 13, what is 9c92 - -774?
a736
In base 16, what is -3 + 3b1ba18?
3b1ba15
In base 12, what is 25b0 - -91419?
93a09
In base 13, what is 107 + 13130?
13237
In base 7, what is -5445236135 + -4?
-5445236142
In base 2, what is 10100 - 110011101010101?
-110011101000001
In base 12, what is -8 + -bba083?
-bba08b
In base 6, what is 10144302 + 11?
10144313
In base 10, what is 0 - -374936?
374936
In base 7, what is -13250 + 554263?
541013
In base 16, what is -2a4085 - -3?
-2a4082
In base 13, what is -12bb + 1c77?
989
In base 15, what is 120b3 - b9?
11ee9
In base 12, what is 6a2 - -12a50?
13532
In base 2, what is -101010000011011001111111 - 1011?
-101010000011011010001010
In base 11, what is -80 + -4649?
-4719
In base 14, what is 31dc4 + -213a?
2dc88
In base 16, what is -401 + 16f0d?
16b0c
In base 16, what is 7a54 + 3939?
b38d
In base 6, what is 111 - 2043130?
-2043015
In base 2, what is -1 + 10000000111101011110010?
10000000111101011110001
In base 7, what is -2552321 - 311?
-2552632
In base 10, what is 166392504 + 3?
166392507
In base 9, what is -272 - -114817?
114535
In base 9, what is -6154 + -105526?
-112681
In base 7, what is -13 - 2502464?
-2502510
In base 4, what is -132 - 3212032130?
-3212032322
In base 7, what is -134425 - 552?
-135310
In base 2, what is 1100010011110 - 111001100010?
101000111100
In base 6, what is 115550 - -2212?
122202
In base 15, what is 64ed78 - 2?
64ed76
In base 7, what is 1125411414 - -5?
1125411422
In base 8, what is 0 + -356131132?
-356131132
In base 13, what is 2ab2a - 11a8?
29952
In base 2, what is 101110000000 - -1110000011000111?
1110110001000111
In base 7, what is -4633 - 3454021?
-3461654
In base 5, what is 4 - -10140003